ivisor of 140 and 60.
20
What is the greatest common divisor of 2070 and 10?
10
What is the highest common factor of 33 and 737?
11
Calculate the greatest common divisor of 8046 and 162.
54
Calculate the greatest common divisor of 49 and 259.
7
Calculate the highest common divisor of 80 and 125.
5
Calculate the highest common factor of 481 and 148.
37
What is the highest common factor of 345 and 15?
15
Calculate the greatest common divisor of 168 and 10773.
21
What is the greatest common factor of 41 and 51865?
41
Calculate the greatest common divisor of 391 and 1403.
23
What is the greatest common factor of 4823 and 2?
1
What is the greatest common divisor of 44 and 1430?
22
What is the greatest common factor of 364 and 28?
28
What is the highest common divisor of 30 and 24410?
10
What is the highest common divisor of 54 and 66?
6
What is the greatest common factor of 108 and 84?
12
Calculate the highest common factor of 77 and 805.
7
Calculate the greatest common factor of 184 and 207.
23
Calculate the highest common factor of 44 and 1001.
11
What is the greatest common factor of 28 and 1078?
14
Calculate the highest common divisor of 1012 and 275.
11
What is the highest common factor of 8 and 56?
8
What is the greatest common divisor of 4245 and 375?
15
What is the greatest common divisor of 256 and 576?
64
Calculate the greatest common divisor of 24 and 88.
8
Calculate the highest common divisor of 280 and 80.
40
What is the highest common divisor of 12 and 88?
4
What is the greatest common factor of 12 and 246?
6
What is the greatest common divisor of 1323 and 4704?
147
Calculate the highest common divisor of 774 and 36.
18
What is the highest common factor of 5073 and 57?
57
What is the highest common factor of 816 and 2512?
16
What is the highest common divisor of 2247 and 7?
7
Calculate the highest common divisor of 4584 and 36.
12
Calculate the greatest common divisor of 3 and 39.
3
What is the greatest common divisor of 371 and 53?
53
Calculate the highest common factor of 405 and 1290.
15
Calculate the greatest common divisor of 49 and 5.
1
What is the greatest common factor of 2 and 1327?
1
What is the greatest common factor of 95 and 5?
5
Calculate the highest common factor of 8024 and 136.
136
What is the greatest common factor of 32 and 1192?
8
What is the highest common divisor of 305 and 5?
5
What is the greatest common factor of 275 and 1540?
55
What is the greatest common divisor of 814 and 74?
74
Calculate the highest common factor of 49 and 441.
49
What is the highest common divisor of 54 and 882?
18
What is the greatest common divisor of 366 and 549?
183
What is the greatest common factor of 69 and 1403?
23
Calculate the greatest common factor of 567 and 294.
21
What is the highest common factor of 4352 and 2304?
256
What is the greatest common factor of 638 and 2813?
29
Calculate the greatest common factor of 3 and 39.
3
Calculate the highest common divisor of 646 and 306.
34
What is the greatest common factor of 24 and 16?
8
What is the highest common factor of 3 and 153?
3
What is the greatest common factor of 30 and 90?
30
What is the greatest common divisor of 123 and 3567?
123
What is the greatest common divisor of 16 and 1056?
16
Calculate the greatest common divisor of 112 and 12488.
56
What is the greatest common divisor of 464 and 8?
8
What is the greatest common factor of 300 and 180?
60
Calculate the highest common factor of 38 and 262.
2
Calculate the highest common divisor of 204 and 663.
51
Calculate the highest common divisor of 2880 and 3.
3
Calculate the greatest common divisor of 664 and 249.
83
What is the highest common divisor of 184 and 391?
23
What is the greatest common divisor of 3426 and 6?
6
Calculate the highest common divisor of 2613 and 603.
201
Calculate the greatest common factor of 4628 and 52.
52
Calculate the highest common factor of 158 and 5293.
79
Calculate the highest common divisor of 15 and 255.
15
Calculate the greatest common factor of 290 and 22765.
145
What is the highest common divisor of 108 and 2016?
36
What is the highest common factor of 22 and 517?
11
Calculate the highest common divisor of 506 and 1426.
46
Calculate the greatest common divisor of 81 and 2349.
81
Calculate the highest common factor of 5 and 73975.
5
What is the highest common divisor of 33588 and 311?
311
Calculate the greatest common divisor of 24 and 56.
8
Calculate the greatest common divisor of 48 and 224.
16
Calculate the greatest common divisor of 18113 and 295.
59
Calculate the greatest common divisor of 21 and 147.
21
Calculate the highest common divisor of 315 and 8540.
35
What is the greatest common factor of 335 and 536?
67
What is the highest common divisor of 481 and 195?
13
What is the greatest common divisor of 2 and 21?
1
Calculate the highest common divisor of 23077 and 141.
47
What is the highest common divisor of 3111 and 102?
51
What is the highest common factor of 7308 and 27?
9
What is the greatest common divisor of 912 and 240?
48
What is the greatest common divisor of 270 and 25290?
90
Calculate the greatest common divisor of 435 and 609.
87
What is the greatest common factor of 112 and 3248?
112
What is the highest common divisor of 295 and 2773?
59
Calculate the greatest common factor of 8 and 6.
2
What is the greatest common divisor of 774 and 430?
86
What is the greatest common divisor of 4130 and 140?
70
What is the greatest common factor of 174 and 6?
6
What is the greatest common divisor of 5 and 18?
1
What is the greatest common factor of 15 and 160?
5
Calculate the highest common factor of 27366 and 6.
6
Calculate the highest common divisor of 3498 and 53.
53
Calculate the highest common factor of 101 and 21816.
101
What is the highest common factor of 848 and 16?
16
What is the greatest common divisor of 7 and 7?
7
Calculate the highest common divisor of 17 and 272.
17
Calculate the highest common factor of 68 and 92.
4
What is the highest common factor of 247 and 95?
19
Calculate the highest common divisor of 1948 and 36.
4
Calculate the highest common divisor of 1798 and 62.
62
What is the greatest common divisor of 15 and 135?
15
Calculate the highest common factor of 302 and 8.
2
Calculate the highest common factor of 1568 and 8036.
196
Calculate the greatest common divisor of 1420 and 10508.
284
What is the greatest common divisor of 356 and 92?
4
Calculate the highest common divisor of 10 and 13250.
10
What is the greatest common factor of 68 and 12?
4
What is the highest common factor of 868 and 224?
28
Calculate the highest common divisor of 504 and 56.
56
What is the greatest common divisor of 19 and 8?
1
What is the highest common factor of 44 and 2662?
22
Calculate the highest common divisor of 351 and 195.
39
Calculate the greatest common factor of 87 and 377.
29
Calculate the greatest common divisor of 3396 and 3.
3
What is the highest common factor of 15552 and 24?
24
Calculate the highest common factor of 990 and 9.
9
Calculate the greatest common factor of 36 and 2076.
12
Calculate the highest common divisor of 275 and 25.
25
What is the greatest common factor of 1680 and 12?
12
What is the greatest common divisor of 152 and 836?
76
Calculate the greatest common divisor of 144 and 1224.
72
What is the greatest common divisor of 352 and 77?
11
What is the greatest common factor of 21 and 21?
21
Calculate the highest common factor of 833 and 17.
17
Calculate the highest common divisor of 374 and 1639.
11
Calculate the greatest common factor of 32 and 128.
32
Calculate the highest common factor of 4 and 2908.
4
Calculate the highest common divisor of 85 and 2.
1
What is the highest common factor of 74 and 629?
37
Calculate the highest common factor of 152 and 1928.
8
Calculate the highest common divisor of 1802 and 238.
34
Calculate the greatest common divisor of 15 and 177.
3
Calculate the highest common factor of 28 and 154.
14
Calculate the highest common factor of 5727 and 207.
69
Calculate the greatest common factor of 39 and 663.
39
Calculate the greatest common factor of 475 and 200.
25
Calculate the highest common divisor of 2091 and 41.
41
Calculate the greatest common divisor of 52 and 8333.
13
Calculate the highest common factor of 92 and 558